{"id":2,"date":"2026-03-31T08:11:59","date_gmt":"2026-03-31T08:11:59","guid":{"rendered":"https:\/\/fxxc.ru.com\/?page_id=2"},"modified":"2026-03-31T12:33:44","modified_gmt":"2026-03-31T12:33:44","slug":"sample-page","status":"publish","type":"page","link":"https:\/\/fxxc.ru.com\/","title":{"rendered":"SC88"},"content":{"rendered":"<div class=\"row\"  id=\"row-456943898\">\n\n\t<div id=\"col-1010990871\" class=\"col small-12 large-12\"  >\n\t\t\t\t<div class=\"col-inner\"  >\n\t\t\t\n\t\t\t\n\t<div class=\"img has-hover x md-x lg-x y md-y lg-y\" id=\"image_2020815135\">\n\t\t\t\t\t\t\t\t<div class=\"img-inner dark\" >\n\t\t\t<img loading=\"lazy\" decoding=\"async\" width=\"1920\" height=\"550\" src=\"https:\/\/fxxc.ru.com\/wp-content\/uploads\/2026\/03\/banner-1.webp\" class=\"attachment-original size-original\" alt=\"banner 1\" srcset=\"https:\/\/fxxc.ru.com\/wp-content\/uploads\/2026\/03\/banner-1.webp 1920w, https:\/\/fxxc.ru.com\/wp-content\/uploads\/2026\/03\/banner-1-300x86.webp 300w, https:\/\/fxxc.ru.com\/wp-content\/uploads\/2026\/03\/banner-1-1024x293.webp 1024w, https:\/\/fxxc.ru.com\/wp-content\/uploads\/2026\/03\/banner-1-768x220.webp 768w, https:\/\/fxxc.ru.com\/wp-content\/uploads\/2026\/03\/banner-1-1536x440.webp 1536w\" sizes=\"auto, (max-width: 1920px) 100vw, 1920px\" \/>\t\t\t\t\t\t\n\t\t\t\t\t<\/div>\n\t\t\t\t\t\t\t\t\n<style>\n#image_2020815135 {\n  width: 100%;\n}\n<\/style>\n\t<\/div>\n\t\n<p><a href=\"https:\/\/fxxc.ru.com\/\"><strong>SC88<\/strong><\/a>\u00a0l\u00e0 n\u1ec1n t\u1ea3ng gi\u1ea3i tr\u00ed tr\u1ef1c tuy\u1ebfn \u0111\u01b0\u1ee3c \u0111\u00f4ng \u0111\u1ea3o ng\u01b0\u1eddi ch\u01a1i t\u1ea1i Vi\u1ec7t Nam v\u00e0 khu v\u1ef1c ch\u00e2u \u00c1 quan t\u00e2m trong n\u0103m 2026. V\u1edbi chi\u1ebfn l\u01b0\u1ee3c ph\u00e1t tri\u1ec3n minh b\u1ea1ch, b\u1ec1n v\u1eefng v\u00e0 l\u1ea5y tr\u1ea3i nghi\u1ec7m ng\u01b0\u1eddi d\u00f9ng l\u00e0m tr\u1ecdng t\u00e2m, trang ch\u1ee7 SC88 kh\u00f4ng ng\u1eebng n\u00e2ng cao ch\u1ea5t l\u01b0\u1ee3ng d\u1ecbch v\u1ee5, t\u1eebng b\u01b0\u1edbc kh\u1eb3ng \u0111\u1ecbnh v\u1ecb th\u1ebf v\u1eefng ch\u1eafc tr\u00ean th\u1ecb tr\u01b0\u1eddng.<\/p>\n<p>Ng\u01b0\u1eddi tham gia d\u1ec5 d\u00e0ng nh\u1eadn th\u1ea5y s\u1ef1 chuy\u00ean nghi\u1ec7p th\u00f4ng qua giao di\u1ec7n SC88 hi\u1ec7n \u0111\u1ea1i, b\u1ed1 c\u1ee5c tr\u1ef1c quan v\u00e0 t\u1ed1c \u0111\u1ed9 truy c\u1eadp m\u01b0\u1ee3t m\u00e0 tr\u00ean c\u1ea3 m\u00e1y t\u00ednh \ud83d\udcbb l\u1eabn thi\u1ebft b\u1ecb di \u0111\u1ed9ng \ud83d\udcf1. \u26a1 H\u1ec7 th\u1ed1ng \u0111\u01b0\u1ee3c v\u1eadn h\u00e0nh theo ti\u00eau chu\u1ea9n qu\u1ed1c t\u1ebf, \u0111\u1ea3m b\u1ea3o m\u00f4i tr\u01b0\u1eddng gi\u1ea3i tr\u00ed an to\u00e0n, minh b\u1ea1ch v\u00e0 \u1ed5n \u0111\u1ecbnh cho t\u1ea5t c\u1ea3 th\u00e0nh vi\u00ean.<\/p>\n<p>\ud83d\udc49<strong> Truy c\u1eadp ngay link: <a href=\"https:\/\/fxxc.ru.com\/\">https:\/\/fxxc.ru.com\/<\/a>ch\u00ednh th\u1ee9c \u0111\u1ec3 \u0111\u0103ng k\u00fd t\u00e0i kho\u1ea3n, nh\u1eadn \u01b0u \u0111\u00e3i +8.888K v\u00e0 b\u1eaft \u0111\u1ea7u tr\u1ea3i nghi\u1ec7m kh\u00f4ng gian gi\u1ea3i tr\u00ed tr\u1ef1c tuy\u1ebfn hi\u1ec7n \u0111\u1ea1i ngay h\u00f4m nay.<\/strong><\/p>\n<h2><b>\ud83c\udf1f H\u1ec7 Sinh Th\u00e1i Tr\u00f2 Ch\u01a1i \u0110a D\u1ea1ng T\u1ea1i SC88<\/b><\/h2>\n<p>SC88 s\u1edf h\u1eefu kho tr\u00f2 ch\u01a1i phong ph\u00fa, \u0111\u00e1p \u1ee9ng nhi\u1ec1u nhu c\u1ea7u gi\u1ea3i tr\u00ed kh\u00e1c nhau. \ud83c\udfaf H\u1ed9i vi\u00ean c\u00f3 th\u1ec3 l\u1ef1a ch\u1ecdn:<\/p>\n<p>\ud83c\udccf Casino tr\u1ef1c tuy\u1ebfn v\u1edbi dealer chuy\u00ean nghi\u1ec7p, ph\u00e1t s\u00f3ng real-time<br \/>\n\u26bd C\u00e1 c\u01b0\u1ee3c th\u1ec3 thao \u0111a d\u1ea1ng gi\u1ea3i \u0111\u1ea5u trong v\u00e0 ngo\u00e0i n\u01b0\u1edbc<br \/>\n\ud83c\udfb0 Slot game \u2013 n\u1ed5 h\u0169 v\u1edbi nhi\u1ec1u ch\u1ee7 \u0111\u1ec1 h\u1ea5p d\u1eabn<br \/>\n\ud83d\udc1f B\u1eafn c\u00e1 \u0111\u1ed5i th\u01b0\u1edfng \u0111\u1ed3 h\u1ecda sinh \u0111\u1ed9ng<br \/>\n\ud83c\udfae Esports &amp; game gi\u1ea3i tr\u00ed ph\u00f9 h\u1ee3p xu h\u01b0\u1edbng<\/p>\n<p>M\u1ed7i s\u1ea3n ph\u1ea9m \u0111\u1ec1u \u0111\u01b0\u1ee3c t\u1ed1i \u01b0u tr\u1ea3i nghi\u1ec7m, thao t\u00e1c \u0111\u01a1n gi\u1ea3n v\u00e0 h\u1ec7 th\u1ed1ng v\u1eadn h\u00e0nh \u1ed5n \u0111\u1ecbnh.<\/p>\n<h2><b>\ud83d\udcb3 Giao D\u1ecbch Nhanh Ch\u00f3ng \u2013 An To\u00e0n<\/b><\/h2>\n<p>SC88 \u0111\u1ea7u t\u01b0 m\u1ea1nh v\u00e0o h\u1ec7 th\u1ed1ng thanh to\u00e1n th\u00f4ng minh. \u23f1\ufe0f C\u00e1c giao d\u1ecbch \u0111\u01b0\u1ee3c x\u1eed l\u00fd nhanh ch\u00f3ng th\u00f4ng qua nhi\u1ec1u ph\u01b0\u01a1ng th\u1ee9c linh ho\u1ea1t nh\u01b0 ng\u00e2n h\u00e0ng n\u1ed9i \u0111\u1ecba \ud83c\udfe6, v\u00ed \u0111i\u1ec7n t\u1eed \ud83d\udcb3 ho\u1eb7c chuy\u1ec3n kho\u1ea3n ti\u1ec7n l\u1ee3i. To\u00e0n b\u1ed9 th\u00f4ng tin h\u1ed9i vi\u00ean \u0111\u01b0\u1ee3c b\u1ea3o m\u1eadt b\u1eb1ng c\u00f4ng ngh\u1ec7 m\u00e3 h\u00f3a ti\u00ean ti\u1ebfn \ud83d\udd10, \u0111\u1ea3m b\u1ea3o an to\u00e0n trong su\u1ed1t qu\u00e1 tr\u00ecnh s\u1eed d\u1ee5ng d\u1ecbch v\u1ee5.<\/p>\n<h2><b>\ud83c\udf81 \u01afu \u0110\u00e3i H\u1ea5p D\u1eabn D\u00e0nh Cho H\u1ed9i Vi\u00ean<\/b><\/h2>\n<p>SC88 th\u01b0\u1eddng xuy\u00ean tri\u1ec3n khai c\u00e1c ch\u01b0\u01a1ng tr\u00ecnh khuy\u1ebfn m\u00e3i gi\u00e1 tr\u1ecb nh\u1eb1m gia t\u0103ng quy\u1ec1n l\u1ee3i cho ng\u01b0\u1eddi ch\u01a1i. \ud83d\udd25 N\u1ed5i b\u1eadt l\u00e0 \u01b0u \u0111\u00e3i \u0111\u0103ng k\u00fd nh\u1eadn th\u01b0\u1edfng l\u00ean \u0111\u1ebfn +8.888K, c\u00f9ng nhi\u1ec1u ch\u01b0\u01a1ng tr\u00ecnh ho\u00e0n tr\u1ea3 \u0111\u1ecbnh k\u1ef3 v\u00e0 qu\u00e0 t\u1eb7ng d\u00e0nh cho h\u1ed9i vi\u00ean th\u00e2n thi\u1ebft. \u0110i\u1ec1u kho\u1ea3n \u0111\u01b0\u1ee3c c\u00f4ng b\u1ed1 r\u00f5 r\u00e0ng v\u00e0 minh b\u1ea1ch.<\/p>\n<h2><b>\u2705 T\u1ed5ng K\u1ebft<\/b><\/h2>\n<p>V\u1edbi h\u1ec7 sinh th\u00e1i \u0111a d\u1ea1ng, n\u1ec1n t\u1ea3ng c\u00f4ng ngh\u1ec7 \u1ed5n \u0111\u1ecbnh c\u00f9ng ch\u00ednh s\u00e1ch \u01b0u \u0111\u00e3i h\u1ea5p d\u1eabn, SC88 l\u00e0 l\u1ef1a ch\u1ecdn \u0111\u00e1ng c\u00e2n nh\u1eafc cho nh\u1eefng ai \u0111ang t\u00ecm ki\u1ebfm m\u1ed9t m\u00f4i tr\u01b0\u1eddng gi\u1ea3i tr\u00ed tr\u1ef1c tuy\u1ebfn hi\u1ec7n \u0111\u1ea1i v\u00e0 chuy\u00ean nghi\u1ec7p. \ud83d\ude80<\/p>\n\t\t<\/div>\n\t\t\t\t\t<\/div>\n\n\t\n<\/div>\n","protected":false},"excerpt":{"rendered":"","protected":false},"author":1,"featured_media":0,"parent":0,"menu_order":0,"comment_status":"closed","ping_status":"open","template":"page-blank.php","meta":{"footnotes":""},"class_list":["post-2","page","type-page","status-publish","hentry"],"_links":{"self":[{"href":"https:\/\/fxxc.ru.com\/index.php?rest_route=\/wp\/v2\/pages\/2","targetHints":{"allow":["GET"]}}],"collection":[{"href":"https:\/\/fxxc.ru.com\/index.php?rest_route=\/wp\/v2\/pages"}],"about":[{"href":"https:\/\/fxxc.ru.com\/index.php?rest_route=\/wp\/v2\/types\/page"}],"author":[{"embeddable":true,"href":"https:\/\/fxxc.ru.com\/index.php?rest_route=\/wp\/v2\/users\/1"}],"replies":[{"embeddable":true,"href":"https:\/\/fxxc.ru.com\/index.php?rest_route=%2Fwp%2Fv2%2Fcomments&post=2"}],"version-history":[{"count":7,"href":"https:\/\/fxxc.ru.com\/index.php?rest_route=\/wp\/v2\/pages\/2\/revisions"}],"predecessor-version":[{"id":27,"href":"https:\/\/fxxc.ru.com\/index.php?rest_route=\/wp\/v2\/pages\/2\/revisions\/27"}],"wp:attachment":[{"href":"https:\/\/fxxc.ru.com\/index.php?rest_route=%2Fwp%2Fv2%2Fmedia&parent=2"}],"curies":[{"name":"wp","href":"https:\/\/api.w.org\/{rel}","templated":true}]}}